 the units digit of 23*22/(-4301) + (-1014171)/(-17) + -1?
6
Let p(s) = -s + 8. Let b be p(6). Suppose 4*a = 3*f + 43, -a = b*a + 5*f + 4. Suppose -a*h = -11*h + 184. What is the units digit of h?
6
Let c(o) = -4*o + 3. Let l = -97 + 65. Let z = l + 28. What is the units digit of c(z)?
9
Let b = -5143 - -14405. What is the hundreds digit of b?
2
What is the ten thousands digit of ((-29522)/(1 - 2))/(9/(189/42))?
1
Let i(n) be the second derivative of n**4/12 + 7*n**3/6 + 6*n**2 - 7*n. Let y be i(-5). Suppose y*s + 2*s = 216. What is the units digit of s?
4
Let c be (-1 + (-300)/(-9))/((-2)/(-36)). Let j = -250 + c. What is the units digit of j?
2
Suppose 59*d + 126412 - 745204 = 0. What is the thousands digit of d?
0
Let t = 810 + -293. Suppose -f - 4*x + 355 = 0, -5*f + 5*x + 1333 + t = 0. Suppose 3*o + l - 94 = 131, -5*o + f = -l. What is the tens digit of o?
7
Let d(u) = -u**2 - 38*u + 43. Let a be d(-39). Suppose a*n + 2*k = 4598, 7*n = 4*n - 2*k + 3446. What is the units digit of n?
2
Suppose -1843324 = -126*o - 64*o + 18*o. What is the ten thousands digit of o?
1
What is the units digit of 9325/(12/(-108)*-9)?
5
Let q = 25573 - 12701. What is the hundreds digit of q?
8
Let l = -149 + 156. Suppose l*k - 7416 - 3378 = 0. What is the units digit of k?
2
Let x(y) = 3*y - 44. Suppose 16 = -7*d + 2. Let t(a) = 12*a - 176. Let q(l) = d*t(l) + 9*x(l). What is the units digit of q(24)?
8
Suppose 0 = 103*m - 510385 + 140924. What is the units digit of m?
7
Suppose 176367 = 24*v - 42543 - 737154. What is the tens digit of v?
3
Suppose 76*f = 1129074 - 248234. What is the thousands digit of f?
1
Let x(h) = h**2 - 15*h + 4. Let f be x(7). Let z = 341 - f. What is the tens digit of z?
9
Let q = 177 + -147. Suppose q*k = 26*k + 88. What is the units digit of k?
2
Suppose 241762 = 5*g + 2*z, 1365*g = 1370*g - 2*z - 241778. What is the thousands digit of g?
8
Suppose -5 = 4*w - 5*b + 15, 5*w - 12 = -3*b. What is the hundreds digit of 6/(-2) + 3340/(w - -4)?
8
Let f = 9541 - 2639. What is the thousands digit of f?
6
Let a(n) = -n**2 + 11*n - 32. Let h be a(8). What is the hundreds digit of (h + 6)/(3/(-483))?
3
What is the hundreds digit of (9 + (-162 - 10) + 1)*(1 + -13)?
9
Let z = 141696 - 87940. What is the ten thousands digit of z?
5
Let t = -49447 + 83692. What is the ten thousands digit of t?
3
Let q be (-45)/(-6)*(-1 - 22876/(-12)). Suppose -11*b + q = -b. What is the units digit of b?
9
Let x be ((-6)/3)/(26/(-65)). What is the units digit of (-3 + 4)/(x/3755) + 1?
2
Let y be 2/5 + 78/5. Suppose -1 = -n, -n - 3*n = 4*f - y. What is the units digit of (f + -2)/(3/177)?
9
Suppose 6*q = -4*j + 5*q + 588, 576 = 4*j + 4*q. Suppose -o + j = -23. Let i = 324 - o. What is the units digit of i?
3
Suppose a = -5*u + 328019, -24*u + 262413 = -20*u + 3*a. What is the units digit of u?
4
Let v(g) = g**3 - g**2 + 1. Let r(m) = -m**3 + 4*m**2 + m - 6. Let n(s) = -r(s) - 2*v(s). Let c be n(-2). What is the tens digit of (c - 5)/(3/3)*121?
2
Let v be (-1)/2 - 2/(-4). Let w(t) = t**2 + 2*t - 61. Let z be w(7). Suppose v = z*k - k - 40. What is the units digit of k?
0
Let y be (23/3)/((-2)/(-6) + 0). Suppose 7*b = -16 + 758. Let o = b - y. What is the tens digit of o?
8
Let c = -43019 - -63163. What is the hundreds digit of c?
1
Suppose -c - 2*t = -30, c - t + 65 = 4*c. Let r be 2/(-2) - (-49 - -25). Let i = r + c. What is the units digit of i?
3
Suppose 24*p - 844 = 68. Let f = p - -340. What is the units digit of f?
8
Suppose -2*b = s - 3885, 4*b - 2*s - s = 7775. Suppose -b + 53 = -15*r. What is the units digit of r?
6
Let u(x) = -x**3 - x + 2. Let i be u(0). What is the units digit of 3/i*8576/24?
6
Let d = 7323 - 191. What is the units digit of d?
2
Let j(m) = 15*m - 112. Let o be j(-22). Let p = o - -873. What is the tens digit of p?
3
Suppose -u + 3*u = -y + 11, -3*y + 5*u = 11. Suppose -8*o + 51 = y. Suppose o*b = 10*b - 816. What is the units digit of b?
4
Let a = 84 - -780. What is the units digit of a?
4
Let j be 11*(12/(-2) + -3). Suppose -2*x + x - 228 = 5*o, -4*x = -2*o + 846. Let n = j - x. What is the tens digit of n?
1
Let l(d) = d**2 - 9*d + 8. Let v be l(10). Suppose -3*z - v = 12. Let s(w) = w**3 + 11*w**2 + 2*w + 3. What is the tens digit of s(z)?
8
Let i be (12/(-5))/(-1*3/540). Let f = i - -290. What is the hundreds digit of f?
7
Let c = -90 - -136. Suppose 0 = -8*o + c - 14. Suppose -5*g = i - 129, -2*g + 94 = i - o*g. What is the units digit of i?
4
Let t = -730 - -731. What is the units digit of t + ((-16)/4 - -1123)?
0
Let g be (2 - (-5348)/(-7)) + 6/(-2). Let j = -386 - g. What is the hundreds digit of j?
3
Suppose 3*d + 338 = d. Let k be (-7 - 2/(-1)) + (3 - 5 - 91). Let v = k - d. What is the units digit of v?
1
Suppose 480*n - 12175787 = 8917333. What is the ten thousands digit of n?
4
Let k be (2/9)/((-1)/(-36)*4). Suppose -t = -v - 269, -t + k*t + 2*v = 266. What is the hundreds digit of t?
2
Let d(k) = k**2 - 12*k + 8. Suppose m - 6*m + 30 = 0. Let g be d(m). Let y = 46 + g. What is the units digit of y?
8
Let c = 12956 + -11009. What is the units digit of c?
7
Suppose 2*h = x + 19904, 161*x - 29823 = -3*h + 157*x. What is the tens digit of h?
4
Suppose -2*t + 13*g = 16*g - 35, -2*t - 4*g = -36. What is the units digit of 1235 + (t/20)/((-12)/(-30))?
7
Let b(v) = -2*v**3 - v**2 + 51*v - 8. Let l be b(-6). Suppose -118*t + l = -116*t. What is the units digit of t?
1
Let a = 16344 - 15938. What is the units digit of a?
6
Suppose 128*b - 21*b - 591924 = 0. What is the hundreds digit of b?
5
Let p = 113 - 50. Suppose 50*l + 17524 = p*l. What is the tens digit of l?
4
Let x(m) = -144*m + 276*m - 10 - 9 - 135*m. Suppose 0 = -h - 17 - 4. What is the units digit of x(h)?
4
Let n = -161 + 242. Let q = 135 - n. What is the units digit of (0/(-2))/1*1 + q?
4
Let j(a) = -a**3 - 7*a**2 + 20*a + 36. Let x be (-6)/9*27/2. What is the tens digit of j(x)?
1
Let x = -66 + 8. Let s = x + 48. What is the units digit of (46 - -4)*(-12)/s?
0
Let d = 7685 + 5401. What is the units digit of d?
6
Let q = 2169 - 1344. Suppose 14*r = 19*r - q. What is the tens digit of r?
6
Suppose -3*h + 1080 = 5*l, 20 = 9*h - 25. What is the tens digit of l?
1
Suppose -4*z - 3*d + 3 = 0, 2*z + z - d = -1. Let i(j) = -j**3 - 2*j + 235. What is the units digit of i(z)?
5
Let w(f) = -7*f - 30. Let a = 82 - 106. What is the hundreds digit of w(a)?
1
Suppose 0 = 71*c - 78*c + 42. Suppose 0 = -c*w + 825 + 885. What is the units digit of w?
5
Let w(m) = 5*m**3 + 29*m**2 - 25*m + 65. What is the ten thousands digit of w(12)?
1
Let v(w) = -53*w + 183. Let j(k) = -27*k + 92. Let m(s) = 5*j(s) - 3*v(s). What is the units digit of m(15)?
1
Suppose 0 = 2*s + 37 - 33. What is the tens digit of (-8)/s*284*7/112?
7
Suppose -44 - 451 = s + 4*n, 0 = -5*s + 2*n - 2365. Let q = s - -284. Let f = q - -313. What is the tens digit of f?
2
Let l(y) = -y**2 + 5*y - 2. Let p be l(3). Let a = 0 + p. Suppose -a*n + 57 = -43. What is the units digit of n?
5
Let o be (2 + 5/(-2))*(1 + -1). Suppose -3*j = -u - o*u - 728, 4*j + 4*u - 960 = 0. What is the tens digit of j?
4
What is the tens digit of 186/(-6)*-2*111/6?
4
Let h(b) = -26 + 4 - 420*b + 10. Let l be h(3). What is the tens digit of 32/176 - l/22?
5
Let a = 42 - 38. Suppose -24 = -a*r + 8. Suppose 0 = -u + r + 60. What is the units digit of u?
8
Let r be (16/(-3))/(-1) + 4/6. Suppose 0 = 15*m - r*m - 2889. What is the tens digit of m?
2
Let f(z) = -14*z**3 + 63*z**2 - 25*z - 83. What is the tens digit of f(-8)?
1
Suppose 5*z = -d + 10841, 4*d = 3*z - 8*z + 43244. What is the units digit of d?
1
Let b(u) = 11858*u - 14. What is the thousands digit of b(1)?
1
Suppose -4*w + 19 = -3*w. Let b = 15 - w. What is the tens digit of ((-7)/b)/(3/72)?
4
Let m = -68219 - -126190. What is the tens digit of m?
7
Let w(n) = 103*n**3 + 34*n**2 - 144*n - 32. What is the units digit of w(9)?
3
Let d(m) = m**3 - 7*m**2 + 4*m. Let u(f) = -f**2 + 7*f - 6. Let b be u(4). Let t be d(b). What is the units digit of 2 + -4 - (t*7 - 1)?
3
Suppose 44 = -5*f + 34. Let h = 5 + f. Suppose 3*x + 159 = s + 54, h*s - 315 = 3*x. What is the tens digit of s?
0
Let f be 6 - 7 - (1 - 5). Let s be (1 - f) + -15 + 0. Let r = 28 + s. What is the units digit of r?
1
Suppose -o - 3 +